{"id":2,"date":"2013-03-21T12:04:21","date_gmt":"2013-03-21T11:04:21","guid":{"rendered":"http:\/\/www.iratbank.hu\/?page_id=2"},"modified":"2013-03-25T19:22:28","modified_gmt":"2013-03-25T18:22:28","slug":"ez-egy-minta-oldal","status":"publish","type":"page","link":"http:\/\/www.iratbank.hu\/?page_id=2","title":{"rendered":"Az Akcent\u00e1r\u00f3l"},"content":{"rendered":"<p><b>Az AKCENTA CZ, a.s.<\/b> (r\u00e9szv\u00e9nyt\u00e1rsas\u00e1g), egy cseh tulajdonban l\u00e9v\u0151, devizakereskedelemre szakosodott p\u00e9nzint\u00e9zet, amelyet 1997-ben alap\u00edtottak, t\u00f6bb mint 24 milli\u00f3 cseh korona alapt\u0151k\u00e9vel. V\u00e1llalkoz\u00f3i tev\u00e9kenys\u00e9ge \u00a0a devizakereskedelemre, valamint a hazai \u00e9s k\u00fclf\u00f6ldi fizet\u00e9si forgalom bonyol\u00edt\u00e1s\u00e1ra szakosodott.<br \/>\nA c\u00e9g sz\u00e9khelye Pr\u00e1g\u00e1ban tal\u00e1lhat\u00f3, devizakereskedelmi tev\u00e9kenys\u00e9g\u00e9t Hradec Kralovei devizaszolg\u00e1ltat\u00e1si k\u00f6zpontj\u00e1ban\u00a0\u00a0v\u00e9gzi. Tev\u00e9kenys\u00e9g\u00fcnket a Cseh Nemzeti Bank (tov\u00e1bbiakban: CNB) devizaenged\u00e9ly\u00e9vel v\u00e9gezz\u00fck, spot (azonnali) \u00e9s hat\u00e1rid\u0151s, \u00a0k\u00e9szp\u00e9nz n\u00e9lk\u00fcli devizakereskedelmet biztos\u00edtunk, devizav\u00e1lt\u00e1st bonyol\u00edtunk\u00a0a hazai \u00e9s k\u00fclf\u00f6ldi fizet\u00e9si forgalomban r\u00e9sztvev\u0151 partnereink r\u00e9sz\u00e9re. Mindemellett <strong>\u00e9rt\u00e9kpap\u00edrokkal val\u00f3 keresked\u00e9sre vonatkoz\u00f3 enged\u00e9llyel<\/strong> is rendelkez\u00fcnk, amely feljogos\u00edt benn\u00fcnket forwad \u00fcgyletek teljes\u00edt\u00e9s\u00e9re.<\/p>\n<p>Az AKCENTA CZ, a.s. az AKCENTA CSOPORT tagja, amely a K\u00f6z\u00e9p-eur\u00f3pai piacon a k\u00f6vetkez\u0151 ter\u00fcleteken folytatja tev\u00e9kenys\u00e9g\u00e9t: devizakeresked\u00e9s, \u00a0energia keresked\u00e9s, banki szolg\u00e1ltat\u00e1sok ny\u00fajt\u00e1sa bet\u00e9tek, illetve hitelek form\u00e1j\u00e1ban.<\/p>\n<p>C\u00e9lunk, hogy szem\u00e9lyre szabott konstrukci\u00f3inkkal minden \u00fcgyfel\u00fcnk sz\u00e1m\u00e1ra megtal\u00e1ljuk a legkedvez\u0151bb, legolcs\u00f3bb megold\u00e1sokat, \u00e9s ez\u00e1ltal biztos\u00edtsuk az egyszer\u0171, biztons\u00e1gos \u00e9s kock\u00e1zatmentes p\u00e9nzforgalmat.<\/p>\n<p>Az Akcenta csoportot h\u00e1rom k\u00fcl\u00f6n\u00e1ll\u00f3 egys\u00e9g alkotja:<\/p>\n<p>Akcenta CZ, a.s. &#8211; devizakeresked\u00e9s<br \/>\nAkcenta Energia, a.s. &#8211; villamosenergia-keresked\u00e9s<br \/>\nAkcenta takar\u00edt\u00e1si \u00e9s hitelsz\u00f6vetkezet &#8211; p\u00e9nz\u00fcgyi szolg\u00e1ltat\u00f3<\/p>\n<p>&nbsp;<\/p>\n","protected":false},"excerpt":{"rendered":"<p>Az AKCENTA CZ, a.s. (r\u00e9szv\u00e9nyt\u00e1rsas\u00e1g), egy cseh tulajdonban l\u00e9v\u0151, devizakereskedelemre szakosodott p\u00e9nzint\u00e9zet, amelyet 1997-ben alap\u00edtottak, t\u00f6bb mint 24 milli\u00f3 cseh korona alapt\u0151k\u00e9vel. V\u00e1llalkoz\u00f3i tev\u00e9kenys\u00e9ge \u00a0a devizakereskedelemre, valamint a hazai \u00e9s k\u00fclf\u00f6ldi fizet\u00e9si forgalom bonyol\u00edt\u00e1s\u00e1ra szakosodott. A c\u00e9g sz\u00e9khelye Pr\u00e1g\u00e1ban tal\u00e1lhat\u00f3, devizakereskedelmi tev\u00e9kenys\u00e9g\u00e9t Hradec Kralovei devizaszolg\u00e1ltat\u00e1si k\u00f6zpontj\u00e1ban\u00a0\u00a0v\u00e9gzi. Tev\u00e9kenys\u00e9g\u00fcnket a Cseh Nemzeti Bank (tov\u00e1bbiakban: CNB) devizaenged\u00e9ly\u00e9vel v\u00e9gezz\u00fck, [&hellip;]<\/p>\n","protected":false},"author":1,"featured_media":0,"parent":0,"menu_order":0,"comment_status":"closed","ping_status":"closed","template":"","meta":{"footnotes":""},"class_list":["post-2","page","type-page","status-publish","hentry"],"_links":{"self":[{"href":"http:\/\/www.iratbank.hu\/index.php?rest_route=\/wp\/v2\/pages\/2","targetHints":{"allow":["GET"]}}],"collection":[{"href":"http:\/\/www.iratbank.hu\/index.php?rest_route=\/wp\/v2\/pages"}],"about":[{"href":"http:\/\/www.iratbank.hu\/index.php?rest_route=\/wp\/v2\/types\/page"}],"author":[{"embeddable":true,"href":"http:\/\/www.iratbank.hu\/index.php?rest_route=\/wp\/v2\/users\/1"}],"replies":[{"embeddable":true,"href":"http:\/\/www.iratbank.hu\/index.php?rest_route=%2Fwp%2Fv2%2Fcomments&post=2"}],"version-history":[{"count":10,"href":"http:\/\/www.iratbank.hu\/index.php?rest_route=\/wp\/v2\/pages\/2\/revisions"}],"predecessor-version":[{"id":60,"href":"http:\/\/www.iratbank.hu\/index.php?rest_route=\/wp\/v2\/pages\/2\/revisions\/60"}],"wp:attachment":[{"href":"http:\/\/www.iratbank.hu\/index.php?rest_route=%2Fwp%2Fv2%2Fmedia&parent=2"}],"curies":[{"name":"wp","href":"https:\/\/api.w.org\/{rel}","templated":true}]}}